{"id":68,"date":"2011-07-09T16:15:46","date_gmt":"2011-07-09T14:15:46","guid":{"rendered":"http:\/\/campfirejukebox.com\/?page_id=68"},"modified":"2011-07-09T16:15:46","modified_gmt":"2011-07-09T14:15:46","slug":"contactbooking","status":"publish","type":"page","link":"https:\/\/campfirejukebox.de\/?page_id=68","title":{"rendered":"Contact\/Booking"},"content":{"rendered":"<p><!--:de--><\/p>\n<p><a href=\"http:\/\/campfirejukebox.de\/wp-content\/uploads\/2011\/07\/050604_230320.jpg\"><img loading=\"lazy\" class=\"wp-image-139 alignleft\" title=\"050604_230320\" src=\"http:\/\/campfirejukebox.de\/wp-content\/uploads\/2011\/07\/050604_230320.jpg\" alt=\"\" width=\"213\" height=\"161\" srcset=\"https:\/\/campfirejukebox.de\/wp-content\/uploads\/2011\/07\/050604_230320.jpg 640w, https:\/\/campfirejukebox.de\/wp-content\/uploads\/2011\/07\/050604_230320-300x225.jpg 300w\" sizes=\"(max-width: 213px) 100vw, 213px\" \/><\/a>F\u00fcr Buchungsanfragen wenden Sie sich bitte an:<br \/>\n<a href=\"mailto:webmaster@campfirejukebox.com\">webmaster@campfirejukebox.com<\/a><\/p>\n<p>Verantwortlich f\u00fcr die Inhalte auf dieser Seite ist:<br \/>\nThomas Holzhausen<br \/>\nDresdener Str. 8<br \/>\n10999 Berlin<br \/>\ntholzhausen (at) web.de<\/p>\n<\/p>\n<p><!--:--><!--:en--><a href=\"http:\/\/campfirejukebox.de\/wp-content\/uploads\/2011\/07\/050604_230320.jpg\"><!--:--><!--more--><!--:de--><\/p>\n<p>Unser legal disclaimer (german only)<br \/>\n<strong>Haftung f\u00fcr Inhalte<\/strong><\/p>\n<p>Die Inhalte unserer Seiten wurden mit gr\u00f6\u00dfter Sorgfalt erstellt. F\u00fcr die Richtigkeit, Vollst\u00e4ndigkeit und Aktualit\u00e4t der Inhalte<br \/>\nk\u00f6nnen wir jedoch keine Gew\u00e4hr \u00fcbernehmen. Als Diensteanbieter sind wir gem\u00e4\u00df \u00a7 7 Abs.1 TMG f\u00fcr eigene Inhalte auf diesen Seiten nach den allgemeinen Gesetzen verantwortlich. Nach \u00a7\u00a7 8 bis 10 TMG sind wir als Diensteanbieter jedoch nicht<br \/>\nverpflichtet, \u00fcbermittelte oder gespeicherte fremde Informationen zu \u00fcberwachen oder nach Umst\u00e4nden zu forschen, die auf eine rechtswidrige T\u00e4tigkeit hinweisen. Verpflichtungen zur Entfernung oder Sperrung der Nutzung von Informationen nach den allgemeinen Gesetzen bleiben hiervon unber\u00fchrt. Eine diesbez\u00fcgliche Haftung ist jedoch erst ab dem Zeitpunkt der Kenntnis einer konkreten Rechtsverletzung m\u00f6glich. Bei Bekanntwerden von entsprechenden Rechtsverletzungen werden wir diese Inhalte<br \/>\numgehend entfernen.<\/p>\n<p><strong>Haftung f\u00fcr Links<\/strong><\/p>\n<p>Unser Angebot enth\u00e4lt Links zu externen Webseiten Dritter, auf deren Inhalte wir keinen Einfluss haben. Deshalb k\u00f6nnen wir f\u00fcr diese<br \/>\nfremden Inhalte auch keine Gew\u00e4hr \u00fcbernehmen. F\u00fcr die Inhalte der verlinkten Seiten ist stets der jeweilige Anbieter oder Betreiber der<br \/>\nSeiten verantwortlich. Die verlinkten Seiten wurden zum Zeitpunkt der Verlinkung auf m\u00f6gliche Rechtsverst\u00f6\u00dfe \u00fcberpr\u00fcft. Rechtswidrige<br \/>\nInhalte waren zum Zeitpunkt der Verlinkung nicht erkennbar. Eine permanente inhaltliche Kontrolle der verlinkten Seiten ist jedoch ohne konkrete Anhaltspunkte einer Rechtsverletzung nicht zumutbar. Bei Bekanntwerden von Rechtsverletzungen werden wir derartige Links umgehend entfernen.<\/p>\n<p><strong>Urheberrecht<\/strong><\/p>\n<p>Die durch die Seitenbetreiber erstellten Inhalte und Werke auf diesen Seiten unterliegen dem deutschen Urheberrecht. Die Vervielf\u00e4ltigung, Bearbeitung, Verbreitung und jede Art der Verwertung au\u00dferhalb der Grenzen des Urheberrechtes bed\u00fcrfen der schriftlichen Zustimmung des jeweiligen Autors bzw. Erstellers. Downloads und Kopien dieser Seite sind nur f\u00fcr den privaten, nicht kommerziellen Gebrauch gestattet. Soweit die Inhalte auf dieser Seite nicht vom Betreiber erstellt wurden, werden die Urheberrechte Dritter beachtet. Insbesondere werden Inhalte Dritter als solche gekennzeichnet. Sollten Sie trotzdem auf eine Urheberrechtsverletzung aufmerksam werden, bitten wir um einen entsprechenden Hinweis. Bei Bekanntwerden von Rechtsverletzungen werden wir derartige Inhalte umgehend entfernen.<\/p>\n<p><strong>Datenschutz<\/strong><\/p>\n<p>Die Nutzung unserer Webseite ist in der Regel ohne Angabe personenbezogener Daten m\u00f6glich. Soweit auf unseren Seiten personenbezogene Daten (beispielsweise Name, Anschrift oder eMail-Adressen) erhoben werden, erfolgt dies, soweit m\u00f6glich, stets auf freiwilliger Basis. Diese Daten werden ohne Ihre ausdr\u00fcckliche Zustimmung nicht an Dritte weitergegeben.<\/p>\n<p>Wir weisen darauf hin, dass die Daten\u00fcbertragung im Internet (z.B. bei der Kommunikation per E-Mail) Sicherheitsl\u00fccken aufweisen kann.<br \/>\nEin l\u00fcckenloser Schutz der Daten vor dem Zugriff durch Dritte ist nicht m\u00f6glich.<\/p>\n<p>Der Nutzung von im Rahmen der Impressumspflicht ver\u00f6ffentlichten Kontaktdaten durch Dritte zur \u00dcbersendung von nicht ausdr\u00fccklich angeforderter Werbung und Informationsmaterialien wird hiermit ausdr\u00fccklich widersprochen. Die Betreiber der Seiten behalten sich ausdr\u00fccklich rechtliche Schritte im Falle der unverlangten Zusendung von Werbeinformationen, etwa durch Spam-Mails,<br \/>\nvor.<\/p>\n<p>&nbsp;<\/p>\n<p><em>Quellen: <a href=\"http:\/\/www.e-recht24.de\/muster-disclaimer.htm\" target=\"_blank\">Disclaimer<\/a> von eRecht24, dem Portal zum Internetrecht von Rechtsanwalt S\u00f6ren Siebert<\/em><!--:--><!--:en--><img loading=\"lazy\" class=\"wp-image-139 alignleft\" title=\"050604_230320\" src=\"http:\/\/campfirejukebox.de\/wp-content\/uploads\/2011\/07\/050604_230320.jpg\" alt=\"\" width=\"213\" height=\"161\" srcset=\"https:\/\/campfirejukebox.de\/wp-content\/uploads\/2011\/07\/050604_230320.jpg 640w, https:\/\/campfirejukebox.de\/wp-content\/uploads\/2011\/07\/050604_230320-300x225.jpg 300w\" sizes=\"(max-width: 213px) 100vw, 213px\" \/><\/a>If you&#8217;d like to book us or get your very own copy of &#8222;When the walls begin to crumble&#8220; please write an email:<br \/>\n<a href=\"mailto:webmaster@campfirejukebox.com\">webmaster@campfirejukebox.com<\/a><\/p>\n<p>Responsible for the content on this website:<br \/>\nThomas Holzhausen<br \/>\nDresdener Str. 8<br \/>\n10999 Berlin<br \/>\ntholzhausen (at) web.de<\/p>\n<p>For our legal disclaimer please visit the german version of this website!<br \/>\nAll content on this website is protected by international copyright law and is meant for promotional use only. No content may be used for commercial purposes without the written agreement of the copyright owners.<!--:--><\/p>\n","protected":false},"excerpt":{"rendered":"<p>F\u00fcr Buchungsanfragen wenden Sie sich bitte an: webmaster@campfirejukebox.com Verantwortlich f\u00fcr die Inhalte auf dieser Seite ist: Thomas Holzhausen Dresdener Str. 8 10999 Berlin tholzhausen (at) web.de<\/p>\n","protected":false},"author":1,"featured_media":0,"parent":0,"menu_order":0,"comment_status":"closed","ping_status":"closed","template":"","meta":[],"_links":{"self":[{"href":"https:\/\/campfirejukebox.de\/index.php?rest_route=\/wp\/v2\/pages\/68"}],"collection":[{"href":"https:\/\/campfirejukebox.de\/index.php?rest_route=\/wp\/v2\/pages"}],"about":[{"href":"https:\/\/campfirejukebox.de\/index.php?rest_route=\/wp\/v2\/types\/page"}],"author":[{"embeddable":true,"href":"https:\/\/campfirejukebox.de\/index.php?rest_route=\/wp\/v2\/users\/1"}],"replies":[{"embeddable":true,"href":"https:\/\/campfirejukebox.de\/index.php?rest_route=%2Fwp%2Fv2%2Fcomments&post=68"}],"version-history":[{"count":0,"href":"https:\/\/campfirejukebox.de\/index.php?rest_route=\/wp\/v2\/pages\/68\/revisions"}],"wp:attachment":[{"href":"https:\/\/campfirejukebox.de\/index.php?rest_route=%2Fwp%2Fv2%2Fmedia&parent=68"}],"curies":[{"name":"wp","href":"https:\/\/api.w.org\/{rel}","templated":true}]}}